is the highest common divisor of 573 and 23111?
191
What is the greatest common divisor of 5586 and 14630?
266
What is the greatest common factor of 163837 and 19?
19
Calculate the greatest common divisor of 179510 and 290.
290
Calculate the highest common factor of 288 and 315576.
72
Calculate the greatest common factor of 46764 and 8.
4
What is the greatest common factor of 307225 and 25?
25
Calculate the greatest common factor of 790030 and 15920.
1990
What is the highest common divisor of 62048 and 224?
224
What is the greatest common divisor of 686 and 1932?
14
What is the highest common factor of 1813 and 1617?
49
What is the greatest common divisor of 16035 and 90?
15
What is the highest common divisor of 407028 and 4494?
642
Calculate the highest common factor of 631908 and 108.
108
What is the highest common divisor of 3 and 63489?
3
What is the highest common divisor of 1012 and 93357?
253
Calculate the highest common factor of 1467952 and 736.
368
What is the greatest common divisor of 18 and 68814?
18
What is the greatest common factor of 7030 and 111?
37
What is the highest common factor of 2048 and 9088?
128
Calculate the highest common divisor of 800886 and 18.
6
Calculate the highest common divisor of 45626 and 6.
2
What is the highest common divisor of 480 and 5016?
24
What is the greatest common divisor of 147 and 15057?
21
What is the greatest common factor of 48 and 3000?
24
What is the highest common divisor of 63053 and 34?
17
What is the greatest common divisor of 208436 and 428?
428
Calculate the highest common factor of 34 and 4505.
17
What is the greatest common divisor of 32674 and 170?
34
Calculate the highest common factor of 1300 and 1824160.
260
What is the highest common factor of 149959 and 29?
29
What is the highest common divisor of 84609 and 102?
51
Calculate the highest common divisor of 14189637 and 1113.
1113
What is the highest common divisor of 484 and 63162?
242
What is the highest common factor of 221 and 85?
17
Calculate the greatest common divisor of 9960 and 1860.
60
Calculate the highest common divisor of 870 and 530.
10
Calculate the greatest common factor of 13087 and 1219.
23
What is the highest common factor of 563 and 861953?
563
Calculate the highest common factor of 45 and 1495.
5
Calculate the greatest common divisor of 3141 and 548628.
1047
Calculate the greatest common divisor of 50940 and 180.
180
What is the highest common divisor of 229264 and 40?
8
Calculate the highest common divisor of 6 and 82483.
1
What is the greatest common divisor of 48 and 1773528?
24
What is the highest common divisor of 120 and 23844?
12
What is the greatest common divisor of 3248 and 24592?
464
What is the highest common factor of 195 and 710190?
195
What is the highest common divisor of 114555 and 14?
7
What is the highest common divisor of 10013 and 133?
19
Calculate the greatest common divisor of 20 and 23020.
20
What is the greatest common factor of 1561677 and 3588?
897
What is the highest common factor of 23 and 14307104?
23
Calculate the highest common factor of 174 and 23084.
58
Calculate the greatest common factor of 74 and 90502.
74
Calculate the highest common factor of 875 and 13750.
125
What is the highest common divisor of 15066 and 434?
62
What is the greatest common divisor of 840 and 69?
3
Calculate the highest common divisor of 340956 and 2058.
42
Calculate the greatest common divisor of 3818808 and 28.
28
Calculate the greatest common divisor of 72 and 51808.
8
Calculate the highest common factor of 7772 and 12412.
116
Calculate the greatest common divisor of 161 and 1631.
7
Calculate the highest common factor of 979244 and 700.
28
What is the greatest common divisor of 4275 and 26163?
171
What is the highest common divisor of 8335359 and 27?
27
Calculate the greatest common factor of 23162 and 11894.
626
What is the greatest common divisor of 770 and 112266?
154
What is the highest common factor of 69 and 1168653?
69
What is the highest common divisor of 539 and 66451?
77
Calculate the highest common divisor of 760 and 1485.
5
What is the highest common divisor of 17111 and 241?
241
What is the highest common divisor of 477 and 1643?
53
Calculate the greatest common divisor of 456 and 263736.
24
Calculate the highest common factor of 146810 and 190.
10
What is the greatest common factor of 16483 and 265?
53
What is the greatest common factor of 571985 and 695?
695
Calculate the highest common factor of 1058 and 292882.
46
Calculate the greatest common factor of 4686 and 49416.
426
What is the highest common divisor of 4767 and 3297?
21
Calculate the greatest common divisor of 270475 and 775.
775
What is the highest common divisor of 448866 and 154?
22
What is the greatest common factor of 55974 and 228?
114
What is the highest common factor of 76 and 120004?
76
Calculate the highest common factor of 337755 and 1815.
165
What is the greatest common divisor of 2204 and 18357?
29
Calculate the greatest common divisor of 13090 and 10.
10
What is the highest common factor of 13699 and 19?
19
Calculate the highest common divisor of 22340 and 3620.
20
Calculate the highest common factor of 228 and 131214.
114
What is the highest common divisor of 2407246 and 376?
94
Calculate the greatest common factor of 10 and 357065.
5
What is the highest common divisor of 34 and 95506?
34
What is the greatest common factor of 56 and 4221?
7
What is the highest common divisor of 670 and 92795?
335
Calculate the greatest common factor of 226 and 59438.
226
What is the greatest common divisor of 25353 and 1134?
81
Calculate the highest common divisor of 59 and 98471.
59
Calculate the greatest common divisor of 414 and 26634.
138
What is the greatest common factor of 834 and 1540398?
834
Calculate the greatest common factor of 36359 and 103.
103
What is the greatest common divisor of 26432 and 385329?
413
Calculate the highest common factor of 2106 and 4394.
26
What is the greatest common divisor of 91 and 12180?
7
Calculate the highest common divisor of 2159 and 2465.
17
What is the highest common factor of 176 and 4738096?
176
What is the highest common factor of 783 and 5771?
29
What is the highest common factor of 474 and 2416926?
474
Calculate the greatest common factor of 29716 and 228.
76
Calculate the highest common divisor of 1836 and 17289.
153
What is the greatest common factor of 3440652 and 24?
12
What is the highest common factor of 399 and 3071616?
57
Calculate the greatest common factor of 35970 and 55.
55
Calculate the highest common divisor of 2556902 and 6706.
958
What is the highest common factor of 7370 and 7035?
335
Calculate the highest common divisor of 122 and 154208.
122
Calculate the greatest common factor of 2429 and 11879.
7
Calculate the highest common divisor of 1102 and 6384.
38
What is the highest common divisor of 936 and 1417?
13
Calculate the greatest common divisor of 466 and 1846525.
233
What is the greatest common factor of 82706 and 182?
26
Calculate the greatest common divisor of 195 and 26445.
15
What is the greatest common divisor of 12855 and 23745?
15
Calculate the highest common divisor of 15 and 462615.
15
What is the highest common factor of 4419513 and 812?
203
What is the greatest common divisor of 245 and 92561?
49
Calculate the highest common factor of 581 and 14857.
83
What is the greatest common factor of 6708 and 56244?
516
What is the greatest common divisor of 12 and 830178?
6
Calculate the highest common divisor of 286 and 28418.
26
Calculate the greatest common divisor of 16380 and 930.
30
Calculate the greatest common divisor of 22396 and 396.
44
Calculate the highest common factor of 2565405 and 54.
27
Calculate the highest common divisor of 405 and 425610.
45
Calculate the greatest common factor of 10584 and 120456.
504
What is the greatest common divisor of 147329 and 95521?
1619
Calculate the highest common factor of 13013 and 91.
91
Calculate the greatest common factor of 83 and 300709.
83
What is the highest common divisor of 321291 and 23389?
1231
What is the greatest common divisor of 1943 and 5427?
67
Calculate the highest common divisor of 365 and 121691.
73
What is the highest common divisor of 119 and 21007?
7
Calculate the greatest c